NOAA-Style Climate Reports
Select a Year or Month report
2024: Ιαν Φεβ Μάρ Απρ Μάϊ Ιού Ιού Αύγ Σεπ Οκτ Νοέ Δεκ
2023: Ιαν Φεβ Μάρ Απρ Μάϊ Ιού Ιού Αύγ Σεπ Οκτ Νοέ Δεκ
2024: Ιαν Φεβ Μάρ Απρ Μάϊ Ιού Ιού Αύγ Σεπ Οκτ Νοέ Δεκ
2023: Ιαν Φεβ Μάρ Απρ Μάϊ Ιού Ιού Αύγ Σεπ Οκτ Νοέ Δεκ
Αναφορά για 2024 Μάϊος
Daily noaa report MONTHLY CLIMATOLOGICAL SUMMARY for MAY. 2024 NAME: Agios Christoforos CITY: Kavala STATE: Kavala ELEV: 130m LAT: 048:58:23 LONG: -024:08:40 TEMPERATURE ( °C), RAIN (mm), WIND SPEED (kmh) HEAT COOL AVG MEAN DEG DEG WIND DOM DAY TEMP HIGH TIME LOW TIME DAYS DAYS RAIN SPEED HIGH TIME DIR -------------------------------------------------------------------------------------------------------- 01 19.4 22.7 15:43 16.4 06:50 00.0 01.1 00.0 06.8 27.8 17:19 E 02 18.8 24.8 17:43 14.1 06:48 00.0 00.5 01.6 04.7 25.9 12:57 NNW 03 17.0 20.3 17:54 14.4 06:46 01.3 00.0 02.8 12.3 55.5 22:43 WSW 04 15.2 18.7 18:45 11.8 06:47 03.1 00.0 03.4 05.6 46.3 02:29 W 05 18.2 24.2 15:09 12.3 06:32 00.1 00.0 00.0 05.4 29.6 16:57 E 06 17.0 24.3 16:42 10.1 06:11 01.3 00.0 00.0 03.6 18.5 17:45 E 07 19.2 27.6 15:50 12.2 06:13 00.0 00.9 00.0 03.8 22.2 18:06 ENE 08 19.9 26.9 15:55 13.7 03:30 00.0 01.6 00.0 04.9 31.4 14:22 E 09 19.3 23.2 13:18 14.2 07:22 00.0 01.0 00.0 06.7 31.4 14:25 ESE 10 15.5 17.5 01:21 13.3 19:49 02.8 00.0 10.0 03.0 16.6 15:34 S 11 17.7 24.2 15:27 13.6 01:28 00.6 00.0 00.0 03.9 22.2 17:53 SW 12 17.8 26.3 16:35 10.3 06:06 00.5 00.0 00.0 03.5 20.4 18:48 WNW 13 17.1 21.4 15:08 12.3 05:35 01.2 00.0 00.0 09.7 37.0 14:57 E 14 14.3 17.0 16:51 12.6 07:06 04.0 00.0 00.2 04.2 18.5 06:28 ESE 15 13.9 16.7 18:59 12.5 08:18 04.4 00.0 03.0 01.4 11.1 13:00 WSW 16 13.7 15.7 12:36 11.2 22:51 04.6 00.0 02.6 02.8 14.8 09:47 SE 17 16.2 24.0 17:13 09.3 06:44 02.1 00.0 00.0 03.8 20.4 11:27 E 18 19.1 25.7 15:52 12.4 06:05 00.0 00.8 00.0 03.5 22.2 17:10 E -------------------------------------------------------------------------------------------------------- 17.2 (17.4) 27.6 day 07 09.3 day 17 026.1 005.9 023.6 05.0 55.5 day 03 ESE Min < 30: 18 Max Rain: 10.0 ON 10-05-24 Days of Rain: 7 (> .2mm) 5 (> 2mm) 0 (> 20mm)