NOAA-Style Climate Reports
Αναφορά για 2024 Μάϊος
Daily noaa report MONTHLY CLIMATOLOGICAL SUMMARY for MAY. 2024 NAME: WX Dato CITY: Dato STATE: Kavala, GR ELEV: 50m LAT: 040:57:37 LONG: -024:19:31 TEMPERATURE ( °C), RAIN (mm), WIND SPEED (kmh) HEAT COOL AVG MEAN DEG DEG WIND DOM DAY TEMP HIGH TIME LOW TIME DAYS DAYS RAIN SPEED HIGH TIME DIR -------------------------------------------------------------------------------------------------------- 01 21.6 21.6 00:00 21.6 00:00 00.0 03.3 00.0 00.0 00.0 00:00 N 02 20.6 23.7 15:40 15.7 23:33 00.0 02.3 01.6 02.3 22.2 15:50 ESE 03 17.5 22.6 14:28 13.0 07:10 00.8 00.0 00.4 02.7 25.9 14:42 W 04 14.5 18.5 15:46 11.9 06:53 03.8 00.0 05.6 00.7 11.1 23:53 NNE 05 16.3 23.0 13:30 08.6 06:14 02.0 00.0 00.0 03.4 20.4 16:46 SSE 06 15.8 23.2 15:54 07.6 06:41 02.5 00.0 00.0 02.4 24.1 13:36 SE 07 17.4 25.5 14:04 09.2 06:46 00.9 00.0 00.0 02.2 22.2 16:43 ESE 08 18.8 25.5 14:01 11.2 06:08 00.0 00.5 00.0 02.5 27.8 13:37 SE 09 17.9 22.7 14:02 13.8 07:02 00.4 00.0 00.0 02.8 25.9 13:28 SE 10 14.8 17.8 14:05 12.1 23:58 03.5 00.0 08.6 01.0 18.5 19:54 S 11 16.5 23.2 15:12 10.8 00:00 01.8 00.0 00.0 01.6 18.5 15:53 SE 12 16.2 25.4 13:57 06.9 06:08 02.1 00.0 00.0 02.1 20.4 16:45 SE 13 16.2 22.4 13:28 09.9 06:48 02.1 00.0 00.2 02.9 25.9 15:28 SE 14 14.4 18.2 17:27 12.3 06:13 03.9 00.0 00.2 00.9 12.9 17:35 ESE 15 14.7 17.4 16:54 12.7 05:26 03.6 00.0 01.2 00.3 05.5 17:21 S 16 13.9 16.7 14:10 10.7 23:55 04.4 00.0 03.2 00.7 14.8 10:04 S 17 15.4 23.8 15:05 07.6 05:55 02.9 00.0 00.0 01.6 18.5 12:49 SE 18 17.9 25.9 14:59 10.0 06:13 00.4 00.0 00.0 01.9 18.5 15:49 SE -------------------------------------------------------------------------------------------------------- 16.7 (16.7) 25.9 day 18 06.9 day 12 034.9 006.0 021.0 01.8 27.8 day 09 SE Min < 30: 18 Max Rain: 8.6 ON 10-05-24 Days of Rain: 8 (> .2mm) 3 (> 2mm) 0 (> 20mm)