NOAA-Style Climate Reports
Αναφορά για 2024 Μάϊος
Daily NOAA report MONTHLY CLIMATOLOGICAL SUMMARY for MAY. 2024 NAME: WX Depos CITY: Depos (Neapoli) STATE: Kavala, GR ELEV: 109m LAT: 040:55:34 LONG: -024:22:24 TEMPERATURE ( °C), RAIN (mm), WIND SPEED (kmh) HEAT COOL AVG MEAN DEG DEG WIND DOM DAY TEMP HIGH TIME LOW TIME DAYS DAYS RAIN SPEED HIGH TIME DIR -------------------------------------------------------------------------------------------------------- 01 17.0 20.9 14:17 14.2 05:30 01.3 00.0 00.0 05.5 37.0 16:30 SSE 02 17.1 19.9 13:22 13.7 07:12 01.2 00.0 04.6 06.0 33.3 16:18 SSE 03 16.4 21.7 13:39 12.4 00:00 01.9 00.0 01.4 03.8 38.9 14:00 SSW 04 14.3 17.4 15:49 11.7 05:10 04.0 00.0 05.6 03.9 24.1 22:26 NW 05 16.3 20.6 14:35 12.1 03:38 02.0 00.0 00.0 08.4 29.6 17:56 SW 06 15.1 19.1 16:23 10.9 06:45 03.2 00.0 00.0 05.8 22.2 15:01 ESE 07 17.0 20.8 15:31 12.9 04:34 01.3 00.0 00.0 06.1 29.6 06:53 SE 08 18.0 22.5 18:14 13.6 06:40 00.3 00.0 00.0 04.9 18.5 15:27 E 09 17.2 19.6 14:42 14.9 01:45 01.1 00.0 00.0 04.5 25.9 15:11 SE 10 14.4 17.4 00:48 12.3 23:06 03.9 00.0 10.8 04.9 29.6 20:29 NW 11 16.5 21.1 13:04 12.7 00:43 01.8 00.0 00.0 07.9 35.1 02:32 WNW 12 17.2 22.1 12:25 11.4 04:26 01.1 00.0 00.0 07.9 31.4 09:25 W 13 16.3 20.5 15:35 12.2 06:18 02.0 00.0 00.4 06.2 29.6 14:30 SE 14 14.0 16.5 17:17 12.1 06:59 04.3 00.0 00.6 02.9 16.6 02:49 SE 15 14.4 17.3 15:49 12.6 00:10 03.9 00.0 01.4 02.7 18.5 21:21 NNW 16 14.2 15.8 14:02 11.8 00:00 04.1 00.0 03.0 03.6 18.5 22:37 NW -------------------------------------------------------------------------------------------------------- 16.0 (16.1) 22.5 day 08 10.9 day 06 037.3 000.0 027.8 05.3 38.9 day 11 S Min < 30: 16 Max Rain: 10.8 ON 10-05-24 Days of Rain: 8 (> .2mm) 4 (> 2mm) 0 (> 20mm)